1
Suppose -5*l + 3*j + 33 = 717, 0 = 2*l - j + 274. Let k = -20 + l. Let y = k + 223. What are the prime factors of y?
5, 13
Let d be 182/(-21) + 1/(-3). Let j(v) = -22*v + 79. What are the prime factors of j(d)?
277
Let c(q) = q + 14. Let b be c(-8). Let n be (-9)/(-2) + (-5)/(-60)*b. Suppose -118 = -n*j - t, -5*j = -t + 10 - 132. List the prime factors of j.
2, 3
Let t(y) = 3*y**3 - 22*y**2 + 11*y - 35. Let s(m) = m**3 - 8*m**2 + 4*m - 12. Let c(u) = 11*s(u) - 4*t(u). What are the prime factors of c(0)?
2
Suppose -19*y + 8 = -15*y. Let n(o) = 4*o**2 - 1. Let p be n(y). Suppose p*a = 12*a + 276. What are the prime factors of a?
2, 23
Let c = -1282 + 1559. What are the prime factors of c?
277
List the prime factors of (-94 + 91)*8354/(-6).
4177
Let z = 95241 - 63357. What are the prime factors of z?
2, 3, 2657
Let r = -10753 + 10978. What are the prime factors of r?
3, 5
Suppose -13*h - 362 = -18*h + 3*c, 0 = -4*h - 5*c + 297. Let x be -249*(-2)/(0 + 6). Let k = h + x. What are the prime factors of k?
2, 3, 13
Let l = -5546 - -10011. What are the prime factors of l?
5, 19, 47
Let x be 76/(-152)*(1 - (-1 - -6)). What are the prime factors of 0 + 5 + 3052/x - 2?
11, 139
Let x(s) = 2 - 13*s - 5*s**2 + 14*s**2 + s**3 + 4 + s. Let a be (70/(-6) - -5)*6/4. List the prime factors of x(a).
2, 13
Let r(w) = 14*w**3 + 6*w**2 - 6*w - 4. Let u be 81/(-297) - (-47)/11. List the prime factors of r(u).
2, 241
Let z(f) = -14*f - 78. Let d be z(-6). Suppose -5*h - d*h + 9020 = 0. List the prime factors of h.
2, 5, 41
Let h(c) be the first derivative of c**3/3 - 3*c**2/2 - 7*c + 33. Let p be h(-3). List the prime factors of (-1988)/(-44) + (-2)/p.
3, 5
Let z = 9014 - 2419. List the prime factors of z.
5, 1319
Let b be (3537/(-12))/(4/(-16)). Suppose b = 22*f - 1615. List the prime factors of f.
127
Let k = 1479 - -22733. What are the prime factors of k?
2, 6053
Suppose -62*j + 60*j = 0. Suppose j = u - 2, 4*y - 5*u - 5455 = -y. List the prime factors of y.
1093
Let a = 62768 + -35360. List the prime factors of a.
2, 3, 571
Let j(a) = 2*a**3 - 124*a**2 - 222*a + 63. List the prime factors of j(64).
2239
Suppose 0 = 10*d - 21 - 29. Suppose d*y = 1724 + 1331. What are the prime factors of y?
13, 47
List the prime factors of ((-104310)/21)/(2 + 11/((-462)/90)).
2, 3, 5, 19, 61
List the prime factors of ((-44117)/(-1) + -1)/(114 + -112).
2, 41, 269
Suppose -9*v + 0*v = -72. Let o be 1/(2/v) + 2. Let z(j) = -j**3 + 6*j**2 + 3*j - 3. List the prime factors of z(o).
3, 5
Let k = 58690 + 6871. List the prime factors of k.
53, 1237
What are the prime factors of 9 + ((-108732)/(-12) - -13)?
31, 293
Suppose -21*r - 2097 = -63816. Suppose 3*p + r = 5*w, 3*p = -4*w + 2*w + 1184. List the prime factors of w.
19, 31
Let p(m) = 5*m**2 + 9*m - 39. Let o(a) = 2*a**2 + 5*a - 19. Let k(l) = -13*o(l) + 6*p(l). Let u be k(6). Let n = u - -17. What are the prime factors of n?
2, 3
Suppose -28*c + 5*q = -23*c - 86605, -4*c = -2*q - 69286. What are the prime factors of c?
2, 3, 2887
Let w(j) = 14*j**2 + 16*j + 25. Let m be w(-9). Let a(z) = z**2 + 11*z + 3. Let y be a(-11). Suppose -y*h = 4*h - m. What are the prime factors of h?
5, 29
Suppose 247 = -25*t - 28. Let l = 478 + t. List the prime factors of l.
467
Let r(a) = -4*a**3 - 4*a**2 - 2*a + 5. Let b be r(-5). Suppose -639*x + 652*x - 273 = 0. List the prime factors of b/7 + (-6)/x.
59
Let t be (-1 + 0/(-1))*(207 + -195). List the prime factors of (-71071)/(-78) + (2/t - 0).
911
Suppose -21*b = 3*m - 25*b + 3649, -b = 5*m + 6074. Let r = 472 - m. List the prime factors of r.
7, 241
Suppose 2438 + 8392 = 15*i. Suppose 11*t = 2*w + 15*t - 730, 2*w - 4*t - i = 0. What are the prime factors of w?
3, 11
Let r(b) = 70*b - 112. Let i be r(-9). Let u = -402 - i. List the prime factors of u.
2, 5, 17
Let h = 99 - 101. Let w be 21/(-3)*(h + -31). Suppose -2*m = -3*r - 165, 0*r = -3*m - r + w. What are the prime factors of m?
2, 3, 13
Suppose -3*p + 9*p + 1140 = 0. Let b = p + 285. What are the prime factors of b?
5, 19
Let p(g) = 4*g - 42. Suppose 10*j = -j + 77. Let y be p(j). Let b = y - -67. What are the prime factors of b?
53
Let u be 10 + -2 + -4 - -48. Let d = u + -57. Let o = 46 + d. What are the prime factors of o?
41
Let j(b) = -5*b**2 - 400*b + 166. List the prime factors of j(-75).
13, 157
List the prime factors of 1/(((-175186)/(-175188) + -1)/((-790)/2370)).
2, 13, 1123
Let t = -12 + 16. Suppose 0 = -4*i + 4*d - 0*d - 4, t*i + 2*d - 14 = 0. Let x(o) = 61*o - 3. List the prime factors of x(i).
7, 17
Suppose 0 = -4*b - 20 + 8, n + 5*b - 1785 = 0. List the prime factors of n.
2, 3, 5
Let s be (-13 + 2 + -13)/((-6)/116). Suppose -u + 5 = 0, -s + 98 = -2*i - 2*u. What are the prime factors of i?
2, 89
Let v be ((-3)/1)/(84/(-980)). Suppose -v*c = -40*c + 135. What are the prime factors of c?
3
Suppose -3*i = -9*i + 36. Let f(x) = -i - 5*x + 4 - 4*x - 5 + 9*x**2. List the prime factors of f(6).
263
Let b(t) = 3*t + 1. Let i be b(1). Suppose i*s - 225 = 471. Suppose 2*x + 14 = s. What are the prime factors of x?
2, 5
What are the prime factors of (160/24)/10 + (-94)/(-3)?
2
Let d = -2143 - -4929. What are the prime factors of d?
2, 7, 199
Let t be -1*0/(4 - 5). Suppose -4*q + 7 = -9, -r + q + 186 = t. Let o = r + -120. List the prime factors of o.
2, 5, 7
Suppose -2*s + 5*c + 428 = c, 0 = 5*s + 2*c - 1094. Let f = s - 113. Suppose 4*b - f - 99 = 0. What are the prime factors of b?
3, 17
Let o = -60677 + 99926. List the prime factors of o.
3, 7, 89
Suppose -3*r - 48 = b, 3*r - b + 36 = 2*b. List the prime factors of (24/r + 2)*215.
2, 43
Let n(r) = 2*r**3 - 194*r**2 + 35*r + 308. What are the prime factors of n(97)?
7, 23
Let w(o) = 7*o**2 - 24*o + 2. Suppose -5*s = -5*b - 240, -3*s + 99 = 5*b - 77. Let l = -45 + s. What are the prime factors of w(l)?
3, 59
Let f be -74 + 2/(((-6)/4)/3). Let i = f - -82. List the prime factors of i + -2 + 2 - (-3 - 58).
5, 13
Suppose 86970 + 143504 - 40466 = 14*c. What are the prime factors of c?
2, 3, 13, 29
Let u = 1905 - 1038. List the prime factors of u.
3, 17
Let o(q) = q**3 - 3*q**2 + 2*q + 5. Suppose 0 = -54*a + 56*a - 12. List the prime factors of o(a).
5
Let x be (-3)/((-13)/5 + (1 - -1)). Suppose x = -0*y + y. Suppose -369 = -y*o + 216. List the prime factors of o.
3, 13
Let d(a) = -a**3 - 45*a**2 + 17*a + 140. List the prime factors of d(-48).
2, 1559
Let d(h) = -605*h - 70. Let w(m) = 3024*m + 352. Let v(k) = -11*d(k) - 2*w(k). What are the prime factors of v(2)?
2, 5
List the prime factors of 1/(-4) - ((-27597)/4 + -12).
6911
Suppose 0 = -14*t - 3*t + 306. What are the prime factors of (1/(-9) + (-34)/t)*-124?
2, 31
Suppose 32445 = 249*a - 458*a + 254*a. What are the prime factors of a?
7, 103
Let m(q) = -q**2 - 15*q + 31. Let n be m(-17). Let g(f) = -146*f - 43. List the prime factors of g(n).
5, 79
Let a = -8468 + 15288. What are the prime factors of a?
2, 5, 11, 31
Let n(d) = -1605*d - 5946. List the prime factors of n(-36).
2, 3, 53, 163
Suppose 4*h - 4*x - 35698 = -6*x, -h + x = -8923. What are the prime factors of h?
2, 23, 97
Suppose 0 = 1346*m - 1310*m - 564264. List the prime factors of m.
2, 17, 461
Let i = 11329 - 10779. List the prime factors of i.
2, 5, 11
Let o(n) = 59*n + 7 - 14*n + 31*n. Let p be ((24 + 0)/6)/((-4)/(-3)). List the prime factors of o(p).
5, 47
Let o = -1169 - -423. What are the prime factors of 6 - 14/7 - o?
2, 3, 5
Suppose 5*i - 3*i = 22. Suppose 3*m + 27 - 3 = 0. List the prime factors of (i - -29)*m/(-10).
2
Let k(w) be the third derivative of 5*w**4/6 + w**3/3 - 19*w**2. Let m be k(2). Suppose -8*d + m = -198. List the prime factors of d.
2, 3, 5
Suppose -4*h = -18*h + 2128. Suppose -750 = -2*k - 3*k - 5*a, a + h = k. What are the prime factors of k?
151
Let x(y) = 205*y**2 + 8*y - 74. What are the prime factors of x(-11)?
19, 1297
Let p(h) = 266*h**2 - 3*h - 73. What are the prime factors of p(16)?
5, 2719
Suppose 2*f - 2*i = 83170, 796241 = 14*f + 4*i + 214177. What are the prime factors of f?
2, 20789
Suppose 5*f - 12339 = -5*u + 4*u, -f + 24696 = 2*u. List the prime factors of u.
53, 233
Suppose -28 = 3*d + 2*k + 74, 141 = -4*d - k. Let b(c) = -c**3 - 37*c**2 - 39*c + 34. What are the prime factors of b(d)?
2, 71
Suppose -389*l + 201*l = -9110104.